of v?
2, 41
Suppose -26 = 2*m - 4*m. Suppose 2*j - 23 - m = 0. List the prime factors of j.
2, 3
Let r be 30/10 + (-1 - -1). Suppose -p - 5 = -4*q, -r*p + 15 = 2*q + q. List the prime factors of q.
2
Let t = -79 - 58. Let d = -94 - t. List the prime factors of d.
43
Suppose 5 = -2*f - 3, -66 = -3*q - 3*f. List the prime factors of q.
2, 13
Let t(k) = k**2 + k - 5. What are the prime factors of t(3)?
7
Let u = -37 - -122. What are the prime factors of u?
5, 17
Let o(j) = j**3 + j + 2. Let z be o(0). Suppose -4*b + y - 3*y + 150 = 0, -z*b + 93 = -5*y. What are the prime factors of b?
3, 13
Suppose u = 1, -3*u - 11 = -t - 41. Suppose -3*b - 190 = -8*b. Let y = t + b. List the prime factors of y.
11
Suppose 3*d - 38 - 892 = 0. List the prime factors of d.
2, 5, 31
Suppose 10*w = 3*w - 945. What are the prime factors of w/(12/(-4)) + 3?
2, 3
Let m be (-26)/(-8) - (-4)/(-16). Let k be (-3)/(-1)*5/m. Let a = k - 0. What are the prime factors of a?
5
Suppose 0*p + 16 = 2*p. Let s = p - 3. What are the prime factors of s?
5
Let i = 22 + -53. Let w = i - -55. List the prime factors of w.
2, 3
Let x(k) = 35*k**2 + 9. List the prime factors of x(-3).
2, 3
Suppose -4*m = m - 110. What are the prime factors of m?
2, 11
Let b be ((-19)/(-3) - 3)*-3. Let n = -7 - b. Suppose 93 = 5*g - s - n, 5*g + 5*s = 90. List the prime factors of g.
19
Let h = 218 + -92. What are the prime factors of h?
2, 3, 7
Let r(d) = 64*d**3 - d + 2. List the prime factors of r(1).
5, 13
Let w = -97 - -150. List the prime factors of w.
53
Suppose 23 = 2*a + y, -7 = -5*a - 4*y + 52. Suppose -3*s - 2*t + a = 0, s - 5*t - 3 = -6*t. List the prime factors of s.
5
Suppose -21 = -l + 2*o + 5, 3*l - 4*o - 74 = 0. Suppose 0 = 4*u - 2*j - l, -4*u = -2*j - j - 21. Let g = u + 8. List the prime factors of g.
2, 7
Let q be (13/(-4))/(1/4). Suppose -7*w - 100 = -3*w. Let u = q - w. What are the prime factors of u?
2, 3
Let l(d) = -d**3 + 3*d**2 - 2*d + 1. Let u be l(2). Suppose 0 = -f + 12 + u. List the prime factors of f.
13
Let n = 46 + 12. Suppose 5*t + 58 = 2*w, -n = -w - w - t. What are the prime factors of w?
29
Let z(j) be the first derivative of -j**4/4 + 7*j**3/3 - 5*j**2/2 + 2*j + 5. List the prime factors of z(6).
2
Let a(t) = -t**2 - 16*t - 4. List the prime factors of a(-13).
5, 7
Let d(g) = -2*g - 4. Let k be d(-2). Suppose 8 = 4*o - k. What are the prime factors of o?
2
Let q = -73 - -37. Let a = -22 - q. What are the prime factors of a?
2, 7
Suppose 2*v - 58 = -4*p, -5*v + 0*v + 13 = -p. Let d = p + 3. Suppose d - 3 = 4*c. List the prime factors of c.
3
Suppose -2*r + 20 = -202. Let d = r + -78. What are the prime factors of d?
3, 11
Let y(h) = h**3 + h**2 - 5*h - 3. Let k be y(-3). Let j(q) = -q**2 - 7*q - 3. List the prime factors of j(k).
3
Let h(i) = -i**2 - 12*i + 12. What are the prime factors of h(-9)?
3, 13
Let c be 1*3 - 0/8. Suppose 5*n + 19 = h, 4*h - c*n = -0*h + 59. What are the prime factors of h?
2, 7
Suppose 3*h - 26 + 71 = 0. Let k be (-2)/(-3 - 39/h). Let r(d) = -d**2 + 7*d - 2. List the prime factors of r(k).
2
Suppose -4*d = -8*d, 5*d - 270 = -5*j. List the prime factors of j.
2, 3
Suppose 0*a = 4*a + 1312. Let t be 2/(-6) - a/12. What are the prime factors of 6/t + 115/9?
13
Suppose 17 = -4*u + 169. Suppose 3*a - 146 = -u. Suppose -5*g + a = -14. List the prime factors of g.
2, 5
Let i(d) = d**2 - 7*d - 29. List the prime factors of i(25).
421
Let y(u) = u**3 + 8*u**2 + u + 10. Let f be y(-8). Suppose -2*i = f*i - 8. What are the prime factors of i?
2
What are the prime factors of 26 + (2 - 0) + -1?
3
Let b(z) = z**3 + 6*z**2 - 13*z - 3. What are the prime factors of b(-6)?
3, 5
Let m(d) = 2*d + 5. Let k be m(-5). Let w(p) = -p**3 - 5*p**2 + 7. List the prime factors of w(k).
7
Suppose -37*n = -33*n - 1376. What are the prime factors of n?
2, 43
Let p(q) = -3*q**2 + 0*q**3 - 3*q**3 + q**3. Let c be p(-2). Suppose 0 = 5*k - 3*w - 3, 2*k = 5*k + c*w - 25. List the prime factors of k.
3
Let g = -36 - -95. List the prime factors of g.
59
Let k(y) = -y**2 + 8*y - 1. Let d be k(7). Suppose -i - 3*m - 6 = -7*m, 0 = i + 2*m - d. List the prime factors of (i + 1)/(-3)*-11.
11
List the prime factors of (-24)/((-3)/8*2).
2
What are the prime factors of 4/(-3 - (-95)/31)?
2, 31
Let c(a) = -18*a**3 - a**2 - 2. Let q be c(-2). List the prime factors of (q/9)/(12/18).
23
Let a(o) = o**2 + 13*o + 17. What are the prime factors of a(-12)?
5
Let z(g) = 4*g**2 + 3*g - 2. Let q be z(2). Suppose -q = -2*w - 2*w. List the prime factors of w.
5
Let k = -62 + 95. List the prime factors of k.
3, 11
Let t(r) be the first derivative of -r**4/4 - r**3/3 - r**2/2 + r - 2. Let q be t(0). List the prime factors of 13/1 + q*-1.
2, 3
Let g(y) = y - 24. Let s be g(18). Suppose -k + 10 = -0*k. Let u = k + s. What are the prime factors of u?
2
Let p be 97/3 - 8/(-12). Suppose 4*u + 4*j - 76 = 80, -p = -u - 3*j. Suppose -m = 4*a - u, 7*a - 5*m - 40 = 2*a. What are the prime factors of a?
2, 5
Suppose 0 = 4*h - 5*k - 1243, -3*k = 2*h - h - 332. What are the prime factors of h?
317
Suppose 22*k - 6 = 23*k. List the prime factors of 366/10 - k/15.
37
Let n(h) = -h**3 - 8*h**2 + 8*h - 5. Let f be n(-9). Suppose 3*r - 2*o = f*r - 6, -5*o = -3*r + 18. Let k(m) = -m**2 + 7*m - 3. List the prime factors of k(r).
3
Let f be (-2)/(-5) - 2/5. Suppose 2*l - l - 19 = 5*q, f = 2*l - 4*q - 26. List the prime factors of l.
3
Let b(m) be the first derivative of 5*m**3/3 - m**2/2 - 2. List the prime factors of b(-1).
2, 3
Suppose -4*n - 284 = -2*u, 0 = -2*u + 7*u + 3*n - 658. What are the prime factors of u?
2, 67
Let v(a) = 3*a + 12. Suppose 44 = -0*d + 4*d. List the prime factors of v(d).
3, 5
Let n(k) = -6*k + 6. Suppose 0 = d + 3*d + 16. What are the prime factors of n(d)?
2, 3, 5
Let g(y) = -y + 3. Let h be g(5). Let x = h - -5. Suppose 0*j + 2*j + 44 = 4*b, -2*b + 22 = -x*j. What are the prime factors of b?
11
Let t(a) = -a**3 + a**2 + 2. Let z(l) = l**2 - 2*l + 1. Let w be z(1). Let s be t(w). Suppose s*h - 13 = -3. List the prime factors of h.
5
Suppose 0 = 13*l - 8*l - 90. What are the prime factors of l?
2, 3
Let l be (-1 - 0) + 165/3. Let y = 84 - l. What are the prime factors of y?
2, 3, 5
Let p be (1/3)/((-1)/(-87)). Let u = 48 - p. List the prime factors of u.
19
Let u = 2 + -9. Let v = u - -11. Suppose -t + m = -4*t + 15, -v*m = -5*t + 8. What are the prime factors of t?
2
Suppose 4*u - 51 = -3. Let r = u + -1. What are the prime factors of r?
11
Suppose 0 = 2*y - 6*y + 308. List the prime factors of y.
7, 11
Suppose 3*o = 6*o - 15. Let l be 2 - (-1)/((-1)/o). Let b = -1 - l. What are the prime factors of b?
2
Let w(g) = -g**3 + 4*g**2 + 5. Let x be w(4). Suppose 6*s - 55 = x*s. List the prime factors of s.
5, 11
Let b = 69 + -24. Suppose 3*i - 138 + b = 0. What are the prime factors of i?
31
Let i(a) = -7*a - 7. List the prime factors of i(-6).
5, 7
Suppose -3*y + 32 - 173 = 0. Let i = -34 - y. List the prime factors of i.
13
Let p = 162 + -114. What are the prime factors of p?
2, 3
Let m = 6 - 8. Let z = 16 + -8. Let f = z + m. List the prime factors of f.
2, 3
Suppose 0*j + j - a - 17 = 0, -3*j + 4*a + 49 = 0. List the prime factors of j.
19
Let s = -29 - -53. Let o be 4*4/40*5. Suppose -o*r - 2*v = v - s, -4*r = 2*v - 40. List the prime factors of r.
3
List the prime factors of -86*(-4)/8 - 2.
41
Let q(c) = 2*c**2 + 24*c + 53. List the prime factors of q(-14).
109
What are the prime factors of 194/(-2 + (1 - -3))?
97
Let m be 2/(-4) + (-70)/(-4). Suppose 0 = 2*k + n + 6, -k + n - 21 = -3*n. Let t = k + m. List the prime factors of t.
2, 3
Let v be (-6)/(-4) - 9/6. Suppose v = 4*h - 3*h - 17. What are the prime factors of h?
17
Let v = -249 + 426. List the prime factors of v.
3, 59
Let s(d) = d + 9. Suppose 14 = 4*j - 2*f, -4*f + 4 = j + 5. Suppose x + 2*t = -3*x - 34, -j*x + t = 18. List the prime factors of s(x).
2
Suppose -3*k = -3*y - 41 + 8, -55 = 5*y - k. Let r = 40 + y. List the prime factors of r.
29
Let x = 312 - 180. List the prime factors of x.
2, 3, 11
Let u(f) be the second derivative of 0 + 0*f**2 + 1/20*f**5 - f + 4/3*f**3 - 7/12*f**4. What are the prime factors of u(6)?
2, 3
Let u(v) = -v**3 - 4*v**2 + 3*v + 4. Let y be u(-5). Let k = y + 12. What are the prime factors of k?
2